 j be 2/(-6) + (s/(-3) - -3). What is the greatest common divisor of 15 and j?
15
Suppose 12*q + 2*w - 27 = 11*q, -3*q = -w - 67. Calculate the highest common factor of q and 23.
23
Let w be (-5)/((-50)/(-28))*-5. Let i(b) = -2*b**2 + 61*b - 28. Let j be i(28). What is the highest common factor of w and j?
14
Let a = 241 - -6. Calculate the highest common divisor of 38 and a.
19
Suppose 4*b + p = 430, 0 = -97*b + 93*b + p + 434. Calculate the greatest common factor of 60 and b.
12
Let f(m) = -45*m - 8. Let u be f(-4). Let z = u - 136. Let l be ((-9)/4)/(1/(-4)). What is the greatest common divisor of z and l?
9
Let v be 5*(-4)/10*-1. Suppose -15 = -v*z + z. Let o be -45*(0/4 + (-1)/1). Calculate the greatest common factor of o and z.
15
Suppose 5*p - 385 = -3*r, -3*r - 266 = -5*r - p. Calculate the greatest common divisor of 27 and r.
27
Let b(p) = -14*p + 17. Let l be b(0). What is the highest common factor of 85 and l?
17
Let g = -94 + 98. Suppose -3*t + 11 = -7. Calculate the highest common factor of g and t.
2
Suppose 0 = 5*m - b - 34, -b = 2*m + 2*b. Let x(n) = 6*n + 2. Let s be x(m). Suppose 2 = 4*q - s. What is the highest common divisor of 25 and q?
5
Let z be 94/2*(93 + -88). What is the greatest common divisor of z and 20?
5
Let g = 3 + -3. Suppose 2*h - r = -g*h + 1, 0 = 4*h + r - 17. Suppose 42 = -4*j + 174. What is the highest common divisor of h and j?
3
Suppose 0 = -3*d - 4 - 11. Let u be 16/d*(-2 + -3). What is the greatest common divisor of 32 and u?
16
Suppose -23*z = -5*v - 24*z + 988, -3*z - 6 = 0. Calculate the highest common divisor of v and 72.
18
Let x be (1 - 9)/(14/(-28)). Let j = -4 - -8. Suppose j*f - 6 = 10. What is the highest common factor of f and x?
4
Suppose -439*h = -436*h - 6. What is the highest common factor of 54 and h?
2
Let b = -60 + 39. Let y = b + 29. Suppose 3*n = -3*u + 225, 0 = -0*n + 4*n - 2*u - 282. Calculate the greatest common factor of y and n.
8
Suppose -32 = -0*r - 2*r. Let h = -15 + r. Let o(n) = n**3 + n**2 - 3*n - 1. Let x be o(-2). What is the highest common divisor of h and x?
1
Let q(y) = 2*y**2 + 6*y + 6. Let n be q(-5). Suppose n = 2*d - 14. Let k = 4 - 0. What is the highest common factor of d and k?
4
Suppose -22*v + 16 = -18*v. Suppose -n - 3*h + 268 = 0, -h + 1124 = v*n - 2*h. What is the highest common divisor of n and 40?
40
Let w be (-10)/(-3) + (-8)/(-12). Suppose -2*s + 6*s - 128 = -w*y, -y = -2*s - 17. Let t be 1720/36 + 6/y. What is the greatest common divisor of 24 and t?
24
Let u(w) = 2*w**2 - 4*w - 6. Let k be u(-2). Let b = 60 + -40. Calculate the greatest common factor of k and b.
10
Let z = 95 + -30. Let j(o) = -2*o**2 - 32*o + 13. Let a be j(-16). Calculate the greatest common factor of z and a.
13
Let v be 1*(-445)/30 + (-3)/18. Let m = -4 - v. What is the highest common factor of m and 11?
11
Let q(c) be the third derivative of c**4/12 + c**3 - 52*c**2. Let x be q(3). Calculate the greatest common factor of 66 and x.
6
Suppose 0 = 4*c - c - o - 217, -4*c + 285 = 3*o. Let h be ((-3)/5)/(-4 + 295/75). Calculate the greatest common divisor of c and h.
9
Let b = 1574 + -980. Suppose 13*x + 5*x = b. Calculate the greatest common divisor of 3 and x.
3
Let h be 13/(13/6) - (-154 + 6). Calculate the greatest common divisor of h and 231.
77
Suppose -4*r - 4*q + 372 = 0, -8*r - 7*q = -12*r + 394. What is the greatest common factor of r and 10?
5
Let t = 103 + 233. Suppose 126 - t = -7*b. What is the highest common divisor of 6 and b?
6
Let a = -26 - -236. Calculate the highest common factor of 14 and a.
14
Suppose 11 = -5*l - 3*u, 7*u = -2*l + 2*u + 7. Let z = l - -5. Let i = z + 8. Calculate the greatest common factor of i and 1.
1
Let r be (-12 + -4 - -2) + 3. Let l(c) = -c**3 - 11*c**2 - 8*c + 12. Let b be l(r). Suppose d + 4*d - b = 0. Calculate the highest common factor of d and 140.
20
Let m(v) = v**2 - 22*v + 20. Let j be m(14). Let x = j + 162. Suppose u - x = -u. Calculate the greatest common divisor of 7 and u.
7
Let p be 7 + -1*(2 - 1). Let h(s) = -s**3 + 6*s**2 - 5*s + 2. Let y be 2/6 - (-28)/6. Let j be h(y). What is the greatest common factor of p and j?
2
Let z(t) = -t. Let y be z(-12). Suppose 15 = 3*x - y. Suppose -m = -102 + 3. Calculate the greatest common divisor of x and m.
9
Let s(j) = 44*j**3 + 2*j**2 - j. Let q be s(1). Let g(f) = -22*f - 52. Let x be g(-4). Calculate the greatest common divisor of x and q.
9
Let c be 3/9*-1*-6. Let j be -3 - -8 - -2 - c. Suppose 5*l + 10 = 7*l. Calculate the greatest common factor of j and l.
5
Let t(m) = -79*m + 530. Let a be t(6). What is the highest common factor of 2352 and a?
56
Suppose 15*q + 828 = 38*q. Calculate the greatest common factor of q and 387.
9
Let w(j) = -8 + 2*j**3 + 3*j - 12*j + 5*j**2 - j**3. Let n be (-23)/4 - 2/8. Let z be w(n). What is the highest common divisor of 15 and z?
5
Let h = -45 - -47. Let u be (h + -6)*(-9 + 4). Calculate the greatest common factor of u and 40.
20
Suppose 22*m = 29*m - 4599. Calculate the highest common factor of m and 9.
9
Let j be (-3)/(-15) + 942/15. Let i = 7 + 14. What is the highest common divisor of i and j?
21
Let j(t) = 5*t + 4. Let o be j(-4). Let a be 40/o*2/(-5). Let w be 136/24 + 4*2/6. What is the highest common divisor of w and a?
1
Suppose 2*p + 2 = -2. Suppose k + 26 = 2*r, -5*r - 46 = 3*k + 21. Let i = p - k. Calculate the highest common factor of i and 66.
22
Let b be -28*7*(-6)/24. Calculate the highest common factor of 196 and b.
49
Suppose 5*y - b - 40 = 0, 5*y - 4*b - 30 = 10. Suppose 294 = y*v - v. What is the highest common factor of 6 and v?
6
Suppose 930 = 30*u - 1110. What is the greatest common factor of 204 and u?
68
Suppose -11*h - 927 = -4997. What is the highest common divisor of h and 10?
10
Let d be 1 + (-15)/(-10)*10. Let b be 80/(-32)*(-16)/(-10)*-1. Calculate the greatest common factor of d and b.
4
Let l = -2 + 16. Suppose 26 - 36 = -5*o. Suppose 0 = 5*c - 3*n - 38, n + o - 1 = 0. Calculate the highest common factor of l and c.
7
Let x be 0 + 1/8 + (-1581)/(-24). Calculate the highest common divisor of 418 and x.
22
Let u = -3 + 3. Suppose -4*p = -5*a, -3*a + u*p + p = 0. Suppose -5*d = -4*s - 106, -5*d + 2*s = -a*s - 98. What is the greatest common factor of d and 18?
18
Suppose 4 = -2*d, 0*d + 442 = 4*y - d. Suppose 0 = 199*u - 208*u + 198. Calculate the greatest common factor of y and u.
22
Suppose 0 = -33*z + 36*z - 18. Suppose 2*q = z, 0*t = -t - 4*q + 28. What is the greatest common factor of 20 and t?
4
Let i be 5 + 0 + 3/1. Let d(c) = -2*c + 62. Let g be d(30). What is the greatest common factor of i and g?
2
Let p(f) = -49*f + 220. Let l be p(4). What is the greatest common divisor of 372 and l?
12
Let c(x) = -27*x + 28*x - x**2 + 3*x**2 + x**2 + 3. Let s = 6 - 8. Let a be c(s). Calculate the greatest common factor of 52 and a.
13
Let d(v) = -3*v**2 - 26*v - 16. Let l be d(-7). Suppose -2*k + q = -l, 3*k + 3*q + 43 = 7*k. Calculate the greatest common divisor of k and 91.
7
Let b(v) = -2*v - 2. Let q be b(-3). Suppose s = -0*s + q. Suppose -76 = -s*j - 28. What is the greatest common divisor of j and 60?
12
Let j = 10 - 4. Suppose 2*v + 4 = 5*c, 3*v + c = -c - 6. Let n = 4 - v. What is the greatest common divisor of j and n?
6
Let i be (-410)/(-18) - (-12)/54. Let d be 10124/8 + (-1)/2. Suppose -5*u + 0*u = -d. What is the greatest common factor of i and u?
23
Let x(l) = l**2 - 12*l + 24. Let c be x(10). Suppose 0 = -c*j + 5*u + 997, -4*u + 1236 = -j + 6*j. Calculate the highest common factor of j and 31.
31
Let z = 745 + -715. What is the highest common divisor of z and 330?
30
Suppose -3*m - 35 = 2*m. Let f(i) = -i**2 - 21*i - 30. Let c be f(m). What is the highest common factor of c and 102?
34
Let a be 2/(-9) - ((-6998)/9)/(-2). Suppose 951 + 909 = 3*b. Let x = a + b. Calculate the highest common factor of 33 and x.
33
Suppose 11 + 59 = 14*l. Suppose -l*m + p = -800, -3*m + 6*m - 480 = 4*p. What is the highest common factor of 32 and m?
32
Let u = -62 + 212. Calculate the greatest common divisor of u and 6.
6
Suppose -4 = -5*k + 16. Let d = k + -24. Let v be (-3)/(60/32)*d. Calculate the highest common factor of 48 and v.
16
Suppose -5*z + 4*k + 9 = -0*z, 30 = 2*z + 5*k. Let o(q) = 2*q**2 - 5*q - 7. Let l be